e 13.
20
What is 23 (base 5) in base 10?
13
Convert -2 (base 5) to base 14.
-2
10 (base 5) to base 8
5
Convert 53 (base 10) to base 5.
203
What is -7 (base 8) in base 13?
-7
4 (base 12) to base 9
4
-4 (base 8) to base 16
-4
Convert 15 (base 7) to base 2.
1100
What is 228 (base 9) in base 15?
c8
0 (base 9) to base 11
0
-14 (base 5) to base 7
-12
What is 22 (base 9) in base 6?
32
4 (base 9) to base 7
4
What is 100 (base 3) in base 10?
9
What is 2 (base 6) in base 14?
2
What is 4 (base 10) in base 11?
4
Convert 12 (base 9) to base 3.
102
-2 (base 4) to base 14
-2
What is -48 (base 9) in base 3?
-1122
5 (base 7) to base 11
5
What is 1010100 (base 2) in base 6?
220
Convert -7 (base 13) to base 8.
-7
4b (base 13) to base 5
223
2 (base 16) to base 15
2
28 (base 10) to base 4
130
What is 11 (base 9) in base 13?
a
What is 10 (base 4) in base 14?
4
Convert -13 (base 14) to base 5.
-32
Convert 13 (base 4) to base 12.
7
Convert -117 (base 11) to base 6.
-351
Convert 57 (base 15) to base 13.
64
What is -7 (base 16) in base 10?
-7
What is 11 (base 2) in base 9?
3
-5 (base 15) to base 4
-11
What is -10010 (base 3) in base 16?
-54
2 (base 5) to base 8
2
15 (base 6) to base 15
b
What is 1001 (base 2) in base 5?
14
Convert 1 (base 10) to base 15.
1
Convert -2 (base 8) to base 12.
-2
8 (base 10) to base 15
8
Convert -110 (base 2) to base 7.
-6
-5a (base 12) to base 16
-46
Convert 22 (base 6) to base 11.
13
Convert 73 (base 9) to base 6.
150
20 (base 5) to base 7
13
Convert 1 (base 10) to base 2.
1
Convert -333 (base 4) to base 7.
-120
What is -4 (base 12) in base 16?
-4
Convert 0 (base 15) to base 5.
0
Convert 52 (base 10) to base 14.
3a
101202 (base 3) to base 12
202
What is 20 (base 6) in base 10?
12
11100110 (base 2) to base 4
3212
What is 454 (base 6) in base 11?
152
What is 15 (base 6) in base 7?
14
What is 4 (base 5) in base 6?
4
-6 (base 12) to base 2
-110
What is 2 (base 4) in base 16?
2
Convert 4 (base 14) to base 12.
4
What is 204 (base 6) in base 2?
1001100
What is a7 (base 13) in base 8?
211
12a (base 12) to base 14
ca
What is -3 (base 9) in base 16?
-3
Convert -5 (base 10) to base 6.
-5
Convert 6 (base 10) to base 5.
11
-3 (base 14) to base 11
-3
Convert 11 (base 5) to base 15.
6
What is 9 (base 16) in base 13?
9
Convert 5 (base 7) to base 6.
5
Convert 15 (base 7) to base 16.
c
37 (base 9) to base 13
28
Convert 1b (base 12) to base 5.
43
180 (base 11) to base 14
10d
6 (base 10) to base 5
11
What is -4a (base 13) in base 16?
-3e
Convert -1111 (base 2) to base 15.
-10
Convert 1013 (base 4) to base 6.
155
What is -2000 (base 3) in base 7?
-105
What is 0 (base 6) in base 2?
0
4b (base 15) to base 14
51
-2 (base 16) to base 9
-2
What is 1c (base 13) in base 11?
23
What is -9 (base 10) in base 11?
-9
Convert -1 (base 4) to base 11.
-1
Convert -18 (base 13) to base 6.
-33
351 (base 6) to base 12
b7
Convert -2a (base 12) to base 7.
-46
What is 110101 (base 2) in base 9?
58
101011 (base 2) to base 13
34
1c (base 16) to base 12
24
14b (base 13) to base 12
174
-46 (base 8) to base 12
-32
-114 (base 5) to base 3
-1021
Convert 2 (base 12) to base 5.
2
Convert 10 (base 2) to base 14.
2
What is -10 (base 4) in base 11?
-4
What is 1 (base 4) in base 15?
1
Convert 240 (base 7) to base 6.
330
What is -15 (base 11) in base 8?
-20
Convert 0 (base 9) to base 8.
0
-8 (base 14) to base 7
-11
Convert -10 (base 11) to base 9.
-12
What is 47 (base 8) in base 12?
33
What is 46 (base 7) in base 16?
22
Convert -4 (base 13) to base 9.
-4
What is -2 (base 11) in base 16?
-2
What is 67 (base 11) in base 5?
243
What is -5 (base 6) in base 3?
-12
Convert -420 (base 6) to base 13.
-c0
What is -102 (base 6) in base 9?
-42
Convert -1111 (base 3) to base 2.
-101000
Convert -22 (base 11) to base 5.
-44
1134 (base 5) to base 8
251
What is 4 (base 8) in base 3?
11
-233 (base 5) to base 6
-152
8 (base 15) to base 3
22
Convert f (base 16) to base 15.
10
What is 6 (base 14) in base 3?
20
3 (base 14) to base 16
3
What is -4 (base 14) in base 11?
-4
-c (base 16) to base 8
-14
-6c (base 13) to base 2
-1011010
-21 (base 7) to base 11
-14
Convert 2003 (base 4) to base 12.
ab
What is -7 (base 9) in base 10?
-7
Convert 1 (base 10) to base 4.
1
Convert 0 (base 7) to base 5.
0
Convert -220 (base 8) to base 11.
-121
-7 (base 9) to base 7
-10
-1 (base 16) to base 13
-1
-15 (base 7) to base 9
-13
5 (base 13) to base 3
12
What is -33 (base 5) in base 4?
-102
Convert 19 (base 11) to base 2.
10100
Convert 45 (base 9) to base 12.
35
-7 (base 11) to base 6
-11
6 (base 12) to base 16
6
What is 8 (base 13) in base 9?
8
Convert 2012 (base 4) to base 16.
86
21202 (base 3) to base 6
545
Convert -24 (base 5) to base 11.
-13
What is 2c (base 15) in base 7?
60
Convert 3 (base 5) to base 14.
3
What is 2 (base 3) in base 6?
2
What is -22 (base 4) in base 14?
-a
What is 10 (base 7) in base 11?
7
What is -2 (base 12) in base 7?
-2
Convert 8 (base 15) to base 11.
8
-10 (base 13) to base 7
-16
6 (base 11) to base 2
110
-13 (base 5) to base 4
-20
Convert 9 (base 13) to base 15.
9
17 (base 10) to base 14
13
-8 (base 12) to base 15
-8
What is -6 (base 10) in base 16?
-6
Convert 1000 (base 2) to base 7.
11
Convert -23 (base 4) to base 8.
-13
Convert -29 (base 11) to base 10.
-31
What is -1100111 (base 2) in base 6?
-251
What is 7 (base 10) in base 3?
21
-11 (base 16) to base 4
-101
Convert -3 (base 12) to base 8.
-3
Convert -1000 (base 4) to base 11.
-59
What is 10010 (base 2) in base 8?
22
What is -4 (base 7) in base 12?
-4
-8 (base 12) to base 2
-1000
-11 (base 3) to base 4
-10
2b (base 16) to base 4
223
-2 (base 12) to base 2
-10
Convert 3 (base 8) to base 7.
3
121 (base 5) to base 10
36
What is -3 (base 5) in base 9?
-3
What is 1101011 (base 2) in base 11?
98
Convert 11 (base 6) to base 3.
21
What is -5 (base 8) in base 6?
-5
What is -2 (base 12) in base 2?
-10
Convert 10b (base 12) to base 16.
9b
What is 4 (base 7) in base 12?
4
5 (base 14) to base 10
5
0 (base 2) to base 14
0
What is -75 (base 10) in base 15?
-50
Convert 2 (base 15) to base 8.
2
What is -29 (base 15) in base 11?
-36
Convert -13 (base 6) to base 16.
-9
-12 (base 4) to base 12
-6
What is -56 (base 14) in base 4?
-1030
-c (base 16) to base 2
-1100
-116 (base 8) to base 15
-53
Convert 0 (base 8) to base 5.
0
What is -45 (base 12) in base 15?
-38
Convert 0 (base 13) to base 5.
0
4 (base 13) to base 8
4
3 (base 8) to base 16
3
Convert -25 (base 14) to base 2.
-100001
What is 18 (base 16) in base 9?
26
What is 18 (base 13) in base 3?
210
1b (base 16) to base 8
33
What is -202 (base 9) in base 2?
-10100100
Convert -101 (base 3) to base 13.
-a
6 (base 9) to base 13
6
-10 (base 15) to base 7
-21
-15 (base 8) to base 5
-23
10 (base 11) to base 4
23
1 (base 11) to base 9
1
2 (base 3) to base 10
2
4 (base 9) to base 4
10
Convert -11110100 (base 2) to base 8.
-364
What is -31 (base 14) in base 2?
-101011
Convert 1 (base 15) to base 3.
1
Convert -72 (base 9) to base 2.
-1000001
Convert 3 (base 10) to base 6.
3
What is -1041 (base 6) in base 13?
-157
-3 (base 15) to base 4
-3
What is -23 (base 9) in base 4?
-111
Convert 48 (base 10) to base 7.
66
What is -2 (base 7) in base 13?
-2
Convert -1010 (base 4) to base 3.
-2112
-3 (base 10) to base 15
-3
What is -5 (base 13) in base 2?
-101
Convert 0 (base 8) to base 9.
0
What is -1 (base 8) in base 13?
-1
What is -78 (base 10) in base 2?
-1001110
-7 (base 14) to base 5
-12
-63 (base 16) to base 13
-78
What is -27 (base 15) in base 14?
-29
-7 (base 16) to base 11
-7
2 (base 16) to base 4
2
What is 2 (base 13) in base 8?
2
18 (base 9) to base 16
11
10101 (base 2) to base 5
41
Convert -185 (base 10) to base 8.
-271
4b (base 12) to base 14
43
What is 13 (base 7) in base 13?
a
What is -2 (base 10) in base 2?
-10
Convert 1a (base 16) to base 10.
26
What is -11 (base 11) in base 5?
-22
-2 (base 3) to base 5
-2
11 (base 8) to base 16
9
Convert 106 (base 11) to base 7.
241
Convert -36 (base 8) to base 15.
-20
Convert -d1 (base 14) to base 5.
-1213
Convert -5 (base 12) to base 3.
-12
Convert -52 (base 10) to base 15.
-37
Convert -8 (base 11) to base 10.
-8
What is -16 (base 8) in base 16?
-e
Convert -320 (base 7) to base 14.
-b7
10101 (base 2) to base 3
210
What is -202 (base 7) in base 11?
-91
Convert -1 (base 4) to base 9.
-1
Con